{"id":356,"date":"2024-10-06T17:37:41","date_gmt":"2024-10-06T17:37:41","guid":{"rendered":"https:\/\/cekimdeyiz.com.tr\/?page_id=356"},"modified":"2026-02-13T08:59:26","modified_gmt":"2026-02-13T08:59:26","slug":"hizmetlerimiz","status":"publish","type":"page","link":"https:\/\/cekimdeyiz.com.tr\/index.php\/hizmetlerimiz\/","title":{"rendered":"Hizmetlerimiz"},"content":{"rendered":"\n<div class=\"wp-block-group alignfull has-global-padding is-layout-constrained wp-block-group-is-layout-constrained\" style=\"margin-top:0px;margin-bottom:0px;padding-top:64px;padding-bottom:64px\">\n<div class=\"wp-block-columns alignwide is-layout-flex wp-container-core-columns-is-layout-28f84493 wp-block-columns-is-layout-flex\">\n<div class=\"wp-block-column has-ti-bg-alt-background-color has-background is-layout-flow wp-block-column-is-layout-flow\" style=\"padding-right:var(--wp--preset--spacing--50);padding-bottom:var(--wp--preset--spacing--50);padding-left:var(--wp--preset--spacing--50)\">\n<figure class=\"wp-block-image size-full\"><img fetchpriority=\"high\" decoding=\"async\" width=\"1707\" height=\"2560\" src=\"https:\/\/cekimdeyiz.com.tr\/wp-content\/uploads\/2024\/08\/437A9938-scaled.jpg\" alt=\"\" class=\"wp-image-891\" srcset=\"https:\/\/cekimdeyiz.com.tr\/wp-content\/uploads\/2024\/08\/437A9938-scaled.jpg 1707w, https:\/\/cekimdeyiz.com.tr\/wp-content\/uploads\/2024\/08\/437A9938-200x300.jpg 200w, https:\/\/cekimdeyiz.com.tr\/wp-content\/uploads\/2024\/08\/437A9938-683x1024.jpg 683w, https:\/\/cekimdeyiz.com.tr\/wp-content\/uploads\/2024\/08\/437A9938-768x1152.jpg 768w, https:\/\/cekimdeyiz.com.tr\/wp-content\/uploads\/2024\/08\/437A9938-1024x1536.jpg 1024w, https:\/\/cekimdeyiz.com.tr\/wp-content\/uploads\/2024\/08\/437A9938-1365x2048.jpg 1365w\" sizes=\"(max-width: 1707px) 100vw, 1707px\" \/><\/figure>\n\n\n\n<h3 class=\"wp-block-heading\">Foto\u011fraf<\/h3>\n\n\n\n<p>Hayat\u0131n\u0131z\u0131n en \u00f6zel g\u00fcn\u00fcn\u00fc unutulmaz k\u0131lmak i\u00e7in profesyonel foto\u011fraf\u00e7\u0131 ekibimizle hizmetiniz vermeye haz\u0131r\u0131z.<\/p>\n\n\n\n<div class=\"wp-block-buttons is-content-justification-center is-layout-flex wp-container-core-buttons-is-layout-098cc607 wp-block-buttons-is-layout-flex\">\n<div class=\"wp-block-button is-style-fill\"><a class=\"wp-block-button__link wp-element-button\" href=\"https:\/\/cekimdeyiz.com.tr\/index.php\/blog\/\">Detayl\u0131 Bilgi<\/a><\/div>\n<\/div>\n<\/div>\n\n\n\n<div class=\"wp-block-column has-ti-bg-alt-background-color has-background is-layout-flow wp-block-column-is-layout-flow\" style=\"padding-right:var(--wp--preset--spacing--50);padding-bottom:var(--wp--preset--spacing--50);padding-left:var(--wp--preset--spacing--50)\">\n<figure class=\"wp-block-image size-full\"><img decoding=\"async\" width=\"1707\" height=\"2560\" src=\"https:\/\/cekimdeyiz.com.tr\/wp-content\/uploads\/2024\/08\/6W0A0931-scaled.jpg\" alt=\"\" class=\"wp-image-892\" srcset=\"https:\/\/cekimdeyiz.com.tr\/wp-content\/uploads\/2024\/08\/6W0A0931-scaled.jpg 1707w, https:\/\/cekimdeyiz.com.tr\/wp-content\/uploads\/2024\/08\/6W0A0931-200x300.jpg 200w, https:\/\/cekimdeyiz.com.tr\/wp-content\/uploads\/2024\/08\/6W0A0931-683x1024.jpg 683w, https:\/\/cekimdeyiz.com.tr\/wp-content\/uploads\/2024\/08\/6W0A0931-768x1152.jpg 768w, https:\/\/cekimdeyiz.com.tr\/wp-content\/uploads\/2024\/08\/6W0A0931-1024x1536.jpg 1024w, https:\/\/cekimdeyiz.com.tr\/wp-content\/uploads\/2024\/08\/6W0A0931-1365x2048.jpg 1365w\" sizes=\"(max-width: 1707px) 100vw, 1707px\" \/><\/figure>\n\n\n\n<h3 class=\"wp-block-heading\">Video<\/h3>\n\n\n\n<p>Bir birinden \u00f6zel en g\u00fczel a\u00e7\u0131lardan \u00e7ekilen kliplerinizi uzman ekibimizle en profesyonel \u015fekilde d\u00fczenleyip sizlere iletiyoruz.<\/p>\n\n\n\n<div class=\"wp-block-buttons is-content-justification-center is-layout-flex wp-container-core-buttons-is-layout-5b5683f2 wp-block-buttons-is-layout-flex\">\n<div class=\"wp-block-button is-style-fill\"><a class=\"wp-block-button__link wp-element-button\" href=\"https:\/\/cekimdeyiz.com.tr\/index.php\/video-kliplerimiz\/\">Detayl\u0131 Bilgi<\/a><\/div>\n<\/div>\n<\/div>\n\n\n\n<div class=\"wp-block-column has-ti-bg-alt-background-color has-background is-layout-flow wp-block-column-is-layout-flow\" style=\"padding-right:var(--wp--preset--spacing--50);padding-bottom:var(--wp--preset--spacing--50);padding-left:var(--wp--preset--spacing--50)\">\n<figure class=\"wp-block-image size-full\"><img decoding=\"async\" width=\"1707\" height=\"2560\" src=\"https:\/\/cekimdeyiz.com.tr\/wp-content\/uploads\/2026\/02\/6W0A0942-copy-1-scaled.jpg\" alt=\"\" class=\"wp-image-938\" srcset=\"https:\/\/cekimdeyiz.com.tr\/wp-content\/uploads\/2026\/02\/6W0A0942-copy-1-scaled.jpg 1707w, https:\/\/cekimdeyiz.com.tr\/wp-content\/uploads\/2026\/02\/6W0A0942-copy-1-200x300.jpg 200w, https:\/\/cekimdeyiz.com.tr\/wp-content\/uploads\/2026\/02\/6W0A0942-copy-1-683x1024.jpg 683w, https:\/\/cekimdeyiz.com.tr\/wp-content\/uploads\/2026\/02\/6W0A0942-copy-1-768x1152.jpg 768w, https:\/\/cekimdeyiz.com.tr\/wp-content\/uploads\/2026\/02\/6W0A0942-copy-1-1024x1536.jpg 1024w, https:\/\/cekimdeyiz.com.tr\/wp-content\/uploads\/2026\/02\/6W0A0942-copy-1-1365x2048.jpg 1365w\" sizes=\"(max-width: 1707px) 100vw, 1707px\" \/><\/figure>\n\n\n\n<h3 class=\"wp-block-heading\">Alb\u00fcm<\/h3>\n\n\n\n<p>Profesyonel ekip arkada\u015flar\u0131m\u0131z, de\u011ferli an\u0131lar\u0131n\u0131z\u0131 sanatsal bir \u015fekilde bir araya getirerek unutulmaz hale getiriyor.<\/p>\n\n\n\n<div class=\"wp-block-buttons is-content-justification-center is-layout-flex wp-container-core-buttons-is-layout-5b5683f2 wp-block-buttons-is-layout-flex\">\n<div class=\"wp-block-button is-style-fill\"><a class=\"wp-block-button__link wp-element-button\" href=\"https:\/\/cekimdeyiz.com.tr\/index.php\/albumlerimiz\/\">Detayl\u0131 Bilgi<\/a><\/div>\n<\/div>\n<\/div>\n<\/div>\n<\/div>\n\n\n\n<p><\/p>\n","protected":false},"excerpt":{"rendered":"<p>Foto\u011fraf Hayat\u0131n\u0131z\u0131n en \u00f6zel g\u00fcn\u00fcn\u00fc unutulmaz k\u0131lmak i\u00e7in profesyonel foto\u011fraf\u00e7\u0131 ekibimizle hizmetiniz vermeye haz\u0131r\u0131z. Video Bir birinden \u00f6zel en g\u00fczel a\u00e7\u0131lardan \u00e7ekilen kliplerinizi uzman ekibimizle en profesyonel \u015fekilde d\u00fczenleyip sizlere iletiyoruz. Alb\u00fcm Profesyonel ekip arkada\u015flar\u0131m\u0131z, de\u011ferli an\u0131lar\u0131n\u0131z\u0131 sanatsal bir \u015fekilde bir araya getirerek unutulmaz hale getiriyor.<\/p>\n","protected":false},"author":1,"featured_media":0,"parent":0,"menu_order":0,"comment_status":"closed","ping_status":"closed","template":"","meta":{"_themeisle_gutenberg_block_has_review":false,"footnotes":""},"class_list":["post-356","page","type-page","status-publish","hentry"],"yoast_head":"<!-- This site is optimized with the Yoast SEO plugin v27.3 - https:\/\/yoast.com\/product\/yoast-seo-wordpress\/ -->\n<title>Hizmetlerimiz - &Ccedil;ekimdeyiz<\/title>\n<meta name=\"description\" content=\"D\u00fc\u011f\u00fcn Foto\u011fraf\u00e7\u0131l\u0131\u011f\u0131, Sinematik Video Klip - Reels \u00e7ekimi ve Alb\u00fcm alan\u0131nda en kaliteli ve profesyonel hizmetleri sunuyoruz.\" \/>\n<meta name=\"robots\" content=\"index, follow, max-snippet:-1, max-image-preview:large, max-video-preview:-1\" \/>\n<link rel=\"canonical\" href=\"https:\/\/cekimdeyiz.com.tr\/index.php\/hizmetlerimiz\/\" \/>\n<meta property=\"og:locale\" content=\"tr_TR\" \/>\n<meta property=\"og:type\" content=\"article\" \/>\n<meta property=\"og:title\" content=\"Hizmetlerimiz - &Ccedil;ekimdeyiz\" \/>\n<meta property=\"og:description\" content=\"D\u00fc\u011f\u00fcn Foto\u011fraf\u00e7\u0131l\u0131\u011f\u0131, Sinematik Video Klip - Reels \u00e7ekimi ve Alb\u00fcm alan\u0131nda en kaliteli ve profesyonel hizmetleri sunuyoruz.\" \/>\n<meta property=\"og:url\" content=\"https:\/\/cekimdeyiz.com.tr\/index.php\/hizmetlerimiz\/\" \/>\n<meta property=\"og:site_name\" content=\"&Ccedil;ekimdeyiz\" \/>\n<meta property=\"article:modified_time\" content=\"2026-02-13T08:59:26+00:00\" \/>\n<meta property=\"og:image\" content=\"https:\/\/cekimdeyiz.com.tr\/wp-content\/uploads\/2024\/08\/437A9938-scaled.jpg\" \/>\n\t<meta property=\"og:image:width\" content=\"1707\" \/>\n\t<meta property=\"og:image:height\" content=\"2560\" \/>\n\t<meta property=\"og:image:type\" content=\"image\/jpeg\" \/>\n<meta name=\"twitter:card\" content=\"summary_large_image\" \/>\n<meta name=\"twitter:label1\" content=\"Tahmini okuma s\u00fcresi\" \/>\n\t<meta name=\"twitter:data1\" content=\"1 dakika\" \/>\n<script type=\"application\/ld+json\" class=\"yoast-schema-graph\">{\"@context\":\"https:\\\/\\\/schema.org\",\"@graph\":[{\"@type\":\"WebPage\",\"@id\":\"https:\\\/\\\/cekimdeyiz.com.tr\\\/index.php\\\/hizmetlerimiz\\\/\",\"url\":\"https:\\\/\\\/cekimdeyiz.com.tr\\\/index.php\\\/hizmetlerimiz\\\/\",\"name\":\"Hizmetlerimiz - &Ccedil;ekimdeyiz\",\"isPartOf\":{\"@id\":\"https:\\\/\\\/cekimdeyiz.com.tr\\\/#website\"},\"primaryImageOfPage\":{\"@id\":\"https:\\\/\\\/cekimdeyiz.com.tr\\\/index.php\\\/hizmetlerimiz\\\/#primaryimage\"},\"image\":{\"@id\":\"https:\\\/\\\/cekimdeyiz.com.tr\\\/index.php\\\/hizmetlerimiz\\\/#primaryimage\"},\"thumbnailUrl\":\"https:\\\/\\\/cekimdeyiz.com.tr\\\/wp-content\\\/uploads\\\/2024\\\/08\\\/437A9938-scaled.jpg\",\"datePublished\":\"2024-10-06T17:37:41+00:00\",\"dateModified\":\"2026-02-13T08:59:26+00:00\",\"description\":\"D\u00fc\u011f\u00fcn Foto\u011fraf\u00e7\u0131l\u0131\u011f\u0131, Sinematik Video Klip - Reels \u00e7ekimi ve Alb\u00fcm alan\u0131nda en kaliteli ve profesyonel hizmetleri sunuyoruz.\",\"breadcrumb\":{\"@id\":\"https:\\\/\\\/cekimdeyiz.com.tr\\\/index.php\\\/hizmetlerimiz\\\/#breadcrumb\"},\"inLanguage\":\"tr\",\"potentialAction\":[{\"@type\":\"ReadAction\",\"target\":[\"https:\\\/\\\/cekimdeyiz.com.tr\\\/index.php\\\/hizmetlerimiz\\\/\"]}]},{\"@type\":\"ImageObject\",\"inLanguage\":\"tr\",\"@id\":\"https:\\\/\\\/cekimdeyiz.com.tr\\\/index.php\\\/hizmetlerimiz\\\/#primaryimage\",\"url\":\"https:\\\/\\\/cekimdeyiz.com.tr\\\/wp-content\\\/uploads\\\/2024\\\/08\\\/437A9938-scaled.jpg\",\"contentUrl\":\"https:\\\/\\\/cekimdeyiz.com.tr\\\/wp-content\\\/uploads\\\/2024\\\/08\\\/437A9938-scaled.jpg\",\"width\":1707,\"height\":2560},{\"@type\":\"BreadcrumbList\",\"@id\":\"https:\\\/\\\/cekimdeyiz.com.tr\\\/index.php\\\/hizmetlerimiz\\\/#breadcrumb\",\"itemListElement\":[{\"@type\":\"ListItem\",\"position\":1,\"name\":\"Anasayfa\",\"item\":\"https:\\\/\\\/cekimdeyiz.com.tr\\\/\"},{\"@type\":\"ListItem\",\"position\":2,\"name\":\"Hizmetlerimiz\"}]},{\"@type\":\"WebSite\",\"@id\":\"https:\\\/\\\/cekimdeyiz.com.tr\\\/#website\",\"url\":\"https:\\\/\\\/cekimdeyiz.com.tr\\\/\",\"name\":\"\u00c7ekimdeyiz D\u00fc\u011f\u00fcn Foto\u011fraf\u00e7\u0131s\u0131\",\"description\":\"D&uuml;\u011f&uuml;n Foto\u011fraf&ccedil;\u0131s\u0131\",\"publisher\":{\"@id\":\"https:\\\/\\\/cekimdeyiz.com.tr\\\/#organization\"},\"potentialAction\":[{\"@type\":\"SearchAction\",\"target\":{\"@type\":\"EntryPoint\",\"urlTemplate\":\"https:\\\/\\\/cekimdeyiz.com.tr\\\/?s={search_term_string}\"},\"query-input\":{\"@type\":\"PropertyValueSpecification\",\"valueRequired\":true,\"valueName\":\"search_term_string\"}}],\"inLanguage\":\"tr\"},{\"@type\":\"Organization\",\"@id\":\"https:\\\/\\\/cekimdeyiz.com.tr\\\/#organization\",\"name\":\"\u00c7ekimdeyiz\",\"url\":\"https:\\\/\\\/cekimdeyiz.com.tr\\\/\",\"logo\":{\"@type\":\"ImageObject\",\"inLanguage\":\"tr\",\"@id\":\"https:\\\/\\\/cekimdeyiz.com.tr\\\/#\\\/schema\\\/logo\\\/image\\\/\",\"url\":\"https:\\\/\\\/cekimdeyiz.com.tr\\\/wp-content\\\/uploads\\\/2024\\\/10\\\/cekimdeyiz-logo-1.jpg\",\"contentUrl\":\"https:\\\/\\\/cekimdeyiz.com.tr\\\/wp-content\\\/uploads\\\/2024\\\/10\\\/cekimdeyiz-logo-1.jpg\",\"width\":591,\"height\":709,\"caption\":\"\u00c7ekimdeyiz\"},\"image\":{\"@id\":\"https:\\\/\\\/cekimdeyiz.com.tr\\\/#\\\/schema\\\/logo\\\/image\\\/\"},\"sameAs\":[\"https:\\\/\\\/www.instagram.com\\\/cekimdeyiztr\\\/\"]}]}<\/script>\n<!-- \/ Yoast SEO plugin. -->","yoast_head_json":{"title":"Hizmetlerimiz - &Ccedil;ekimdeyiz","description":"D\u00fc\u011f\u00fcn Foto\u011fraf\u00e7\u0131l\u0131\u011f\u0131, Sinematik Video Klip - Reels \u00e7ekimi ve Alb\u00fcm alan\u0131nda en kaliteli ve profesyonel hizmetleri sunuyoruz.","robots":{"index":"index","follow":"follow","max-snippet":"max-snippet:-1","max-image-preview":"max-image-preview:large","max-video-preview":"max-video-preview:-1"},"canonical":"https:\/\/cekimdeyiz.com.tr\/index.php\/hizmetlerimiz\/","og_locale":"tr_TR","og_type":"article","og_title":"Hizmetlerimiz - &Ccedil;ekimdeyiz","og_description":"D\u00fc\u011f\u00fcn Foto\u011fraf\u00e7\u0131l\u0131\u011f\u0131, Sinematik Video Klip - Reels \u00e7ekimi ve Alb\u00fcm alan\u0131nda en kaliteli ve profesyonel hizmetleri sunuyoruz.","og_url":"https:\/\/cekimdeyiz.com.tr\/index.php\/hizmetlerimiz\/","og_site_name":"&Ccedil;ekimdeyiz","article_modified_time":"2026-02-13T08:59:26+00:00","og_image":[{"width":1707,"height":2560,"url":"https:\/\/cekimdeyiz.com.tr\/wp-content\/uploads\/2024\/08\/437A9938-scaled.jpg","type":"image\/jpeg"}],"twitter_card":"summary_large_image","twitter_misc":{"Tahmini okuma s\u00fcresi":"1 dakika"},"schema":{"@context":"https:\/\/schema.org","@graph":[{"@type":"WebPage","@id":"https:\/\/cekimdeyiz.com.tr\/index.php\/hizmetlerimiz\/","url":"https:\/\/cekimdeyiz.com.tr\/index.php\/hizmetlerimiz\/","name":"Hizmetlerimiz - &Ccedil;ekimdeyiz","isPartOf":{"@id":"https:\/\/cekimdeyiz.com.tr\/#website"},"primaryImageOfPage":{"@id":"https:\/\/cekimdeyiz.com.tr\/index.php\/hizmetlerimiz\/#primaryimage"},"image":{"@id":"https:\/\/cekimdeyiz.com.tr\/index.php\/hizmetlerimiz\/#primaryimage"},"thumbnailUrl":"https:\/\/cekimdeyiz.com.tr\/wp-content\/uploads\/2024\/08\/437A9938-scaled.jpg","datePublished":"2024-10-06T17:37:41+00:00","dateModified":"2026-02-13T08:59:26+00:00","description":"D\u00fc\u011f\u00fcn Foto\u011fraf\u00e7\u0131l\u0131\u011f\u0131, Sinematik Video Klip - Reels \u00e7ekimi ve Alb\u00fcm alan\u0131nda en kaliteli ve profesyonel hizmetleri sunuyoruz.","breadcrumb":{"@id":"https:\/\/cekimdeyiz.com.tr\/index.php\/hizmetlerimiz\/#breadcrumb"},"inLanguage":"tr","potentialAction":[{"@type":"ReadAction","target":["https:\/\/cekimdeyiz.com.tr\/index.php\/hizmetlerimiz\/"]}]},{"@type":"ImageObject","inLanguage":"tr","@id":"https:\/\/cekimdeyiz.com.tr\/index.php\/hizmetlerimiz\/#primaryimage","url":"https:\/\/cekimdeyiz.com.tr\/wp-content\/uploads\/2024\/08\/437A9938-scaled.jpg","contentUrl":"https:\/\/cekimdeyiz.com.tr\/wp-content\/uploads\/2024\/08\/437A9938-scaled.jpg","width":1707,"height":2560},{"@type":"BreadcrumbList","@id":"https:\/\/cekimdeyiz.com.tr\/index.php\/hizmetlerimiz\/#breadcrumb","itemListElement":[{"@type":"ListItem","position":1,"name":"Anasayfa","item":"https:\/\/cekimdeyiz.com.tr\/"},{"@type":"ListItem","position":2,"name":"Hizmetlerimiz"}]},{"@type":"WebSite","@id":"https:\/\/cekimdeyiz.com.tr\/#website","url":"https:\/\/cekimdeyiz.com.tr\/","name":"\u00c7ekimdeyiz D\u00fc\u011f\u00fcn Foto\u011fraf\u00e7\u0131s\u0131","description":"D&uuml;\u011f&uuml;n Foto\u011fraf&ccedil;\u0131s\u0131","publisher":{"@id":"https:\/\/cekimdeyiz.com.tr\/#organization"},"potentialAction":[{"@type":"SearchAction","target":{"@type":"EntryPoint","urlTemplate":"https:\/\/cekimdeyiz.com.tr\/?s={search_term_string}"},"query-input":{"@type":"PropertyValueSpecification","valueRequired":true,"valueName":"search_term_string"}}],"inLanguage":"tr"},{"@type":"Organization","@id":"https:\/\/cekimdeyiz.com.tr\/#organization","name":"\u00c7ekimdeyiz","url":"https:\/\/cekimdeyiz.com.tr\/","logo":{"@type":"ImageObject","inLanguage":"tr","@id":"https:\/\/cekimdeyiz.com.tr\/#\/schema\/logo\/image\/","url":"https:\/\/cekimdeyiz.com.tr\/wp-content\/uploads\/2024\/10\/cekimdeyiz-logo-1.jpg","contentUrl":"https:\/\/cekimdeyiz.com.tr\/wp-content\/uploads\/2024\/10\/cekimdeyiz-logo-1.jpg","width":591,"height":709,"caption":"\u00c7ekimdeyiz"},"image":{"@id":"https:\/\/cekimdeyiz.com.tr\/#\/schema\/logo\/image\/"},"sameAs":["https:\/\/www.instagram.com\/cekimdeyiztr\/"]}]}},"_links":{"self":[{"href":"https:\/\/cekimdeyiz.com.tr\/index.php\/wp-json\/wp\/v2\/pages\/356","targetHints":{"allow":["GET"]}}],"collection":[{"href":"https:\/\/cekimdeyiz.com.tr\/index.php\/wp-json\/wp\/v2\/pages"}],"about":[{"href":"https:\/\/cekimdeyiz.com.tr\/index.php\/wp-json\/wp\/v2\/types\/page"}],"author":[{"embeddable":true,"href":"https:\/\/cekimdeyiz.com.tr\/index.php\/wp-json\/wp\/v2\/users\/1"}],"replies":[{"embeddable":true,"href":"https:\/\/cekimdeyiz.com.tr\/index.php\/wp-json\/wp\/v2\/comments?post=356"}],"version-history":[{"count":9,"href":"https:\/\/cekimdeyiz.com.tr\/index.php\/wp-json\/wp\/v2\/pages\/356\/revisions"}],"predecessor-version":[{"id":939,"href":"https:\/\/cekimdeyiz.com.tr\/index.php\/wp-json\/wp\/v2\/pages\/356\/revisions\/939"}],"wp:attachment":[{"href":"https:\/\/cekimdeyiz.com.tr\/index.php\/wp-json\/wp\/v2\/media?parent=356"}],"curies":[{"name":"wp","href":"https:\/\/api.w.org\/{rel}","templated":true}]}}