{"id":531,"date":"2025-04-14T15:27:11","date_gmt":"2025-04-14T15:27:11","guid":{"rendered":"https:\/\/cekimdeyiz.com.tr\/?page_id=531"},"modified":"2026-04-02T11:11:21","modified_gmt":"2026-04-02T11:11:21","slug":"531-2","status":"publish","type":"page","link":"https:\/\/cekimdeyiz.com.tr\/index.php\/531-2\/","title":{"rendered":"Mekanlar"},"content":{"rendered":"\n<div class=\"wp-block-group alignfull has-global-padding is-layout-constrained wp-block-group-is-layout-constrained\" style=\"margin-top:0px;margin-bottom:0px;padding-top:64px;padding-bottom:64px\">\n<div class=\"wp-block-columns alignwide is-layout-flex wp-container-core-columns-is-layout-28f84493 wp-block-columns-is-layout-flex\">\n<div class=\"wp-block-column has-ti-bg-alt-background-color has-background is-layout-flow wp-block-column-is-layout-flow\" style=\"padding-right:var(--wp--preset--spacing--50);padding-bottom:var(--wp--preset--spacing--50);padding-left:var(--wp--preset--spacing--50)\">\n<figure class=\"wp-block-image size-full\"><img fetchpriority=\"high\" decoding=\"async\" width=\"1707\" height=\"2560\" src=\"https:\/\/cekimdeyiz.com.tr\/wp-content\/uploads\/2025\/05\/6W0A0108-2-1-scaled.jpg\" alt=\"\" class=\"wp-image-701\" srcset=\"https:\/\/cekimdeyiz.com.tr\/wp-content\/uploads\/2025\/05\/6W0A0108-2-1-scaled.jpg 1707w, https:\/\/cekimdeyiz.com.tr\/wp-content\/uploads\/2025\/05\/6W0A0108-2-1-200x300.jpg 200w, https:\/\/cekimdeyiz.com.tr\/wp-content\/uploads\/2025\/05\/6W0A0108-2-1-683x1024.jpg 683w, https:\/\/cekimdeyiz.com.tr\/wp-content\/uploads\/2025\/05\/6W0A0108-2-1-768x1152.jpg 768w, https:\/\/cekimdeyiz.com.tr\/wp-content\/uploads\/2025\/05\/6W0A0108-2-1-1024x1536.jpg 1024w, https:\/\/cekimdeyiz.com.tr\/wp-content\/uploads\/2025\/05\/6W0A0108-2-1-1365x2048.jpg 1365w\" sizes=\"(max-width: 1707px) 100vw, 1707px\" \/><\/figure>\n\n\n\n<h3 class=\"wp-block-heading\">\u0130stanbul Temal\u0131<\/h3>\n\n\n\n<p>Mekan Giri\u015f \u00dccreti : \u00dccretsiz<\/p>\n\n\n\n<p>Konum : Karak\u00f6y &#8211; Galata<\/p>\n\n\n\n<div class=\"wp-block-buttons is-content-justification-center is-layout-flex wp-container-core-buttons-is-layout-098cc607 wp-block-buttons-is-layout-flex\">\n<div class=\"wp-block-button is-style-fill\"><a class=\"wp-block-button__link wp-element-button\" href=\"https:\/\/cekimdeyiz.com.tr\/index.php\/istanbul-temali\/\">Galeri<\/a><\/div>\n<\/div>\n<\/div>\n\n\n\n<div class=\"wp-block-column has-ti-bg-alt-background-color has-background is-layout-flow wp-block-column-is-layout-flow\" style=\"padding-right:var(--wp--preset--spacing--50);padding-bottom:var(--wp--preset--spacing--50);padding-left:var(--wp--preset--spacing--50)\">\n<figure class=\"wp-block-image size-full\"><img decoding=\"async\" width=\"1707\" height=\"2560\" src=\"https:\/\/cekimdeyiz.com.tr\/wp-content\/uploads\/2024\/08\/437A9938-scaled.jpg\" alt=\"\" class=\"wp-image-891\" srcset=\"https:\/\/cekimdeyiz.com.tr\/wp-content\/uploads\/2024\/08\/437A9938-scaled.jpg 1707w, https:\/\/cekimdeyiz.com.tr\/wp-content\/uploads\/2024\/08\/437A9938-200x300.jpg 200w, https:\/\/cekimdeyiz.com.tr\/wp-content\/uploads\/2024\/08\/437A9938-683x1024.jpg 683w, https:\/\/cekimdeyiz.com.tr\/wp-content\/uploads\/2024\/08\/437A9938-768x1152.jpg 768w, https:\/\/cekimdeyiz.com.tr\/wp-content\/uploads\/2024\/08\/437A9938-1024x1536.jpg 1024w, https:\/\/cekimdeyiz.com.tr\/wp-content\/uploads\/2024\/08\/437A9938-1365x2048.jpg 1365w\" sizes=\"(max-width: 1707px) 100vw, 1707px\" \/><\/figure>\n\n\n\n<h3 class=\"wp-block-heading\">B\u00fcy\u00fck Londra Oteli<\/h3>\n\n\n\n<p>Mekan Giri\u015f \u00dccreti : 7.000 <strong>\u20ba<\/strong><\/p>\n\n\n\n<p>Hafta i\u00e7i (5.500 <strong>\u20ba<\/strong>)<\/p>\n\n\n\n<p>Konum : Beyo\u011flu<\/p>\n\n\n\n<div class=\"wp-block-buttons is-content-justification-center is-layout-flex wp-container-core-buttons-is-layout-5b5683f2 wp-block-buttons-is-layout-flex\">\n<div class=\"wp-block-button is-style-fill\"><a class=\"wp-block-button__link wp-element-button\" href=\"https:\/\/cekimdeyiz.com.tr\/index.php\/buyuk-londra-oteli\/\">Galeri<\/a><\/div>\n<\/div>\n<\/div>\n\n\n\n<div class=\"wp-block-column has-ti-bg-alt-background-color has-background is-layout-flow wp-block-column-is-layout-flow\" style=\"padding-right:var(--wp--preset--spacing--50);padding-bottom:var(--wp--preset--spacing--50);padding-left:var(--wp--preset--spacing--50)\">\n<figure class=\"wp-block-image size-full\"><img decoding=\"async\" width=\"1707\" height=\"2560\" src=\"https:\/\/cekimdeyiz.com.tr\/wp-content\/uploads\/2025\/05\/437A3846-2-scaled.jpg\" alt=\"\" class=\"wp-image-561\" srcset=\"https:\/\/cekimdeyiz.com.tr\/wp-content\/uploads\/2025\/05\/437A3846-2-scaled.jpg 1707w, https:\/\/cekimdeyiz.com.tr\/wp-content\/uploads\/2025\/05\/437A3846-2-200x300.jpg 200w, https:\/\/cekimdeyiz.com.tr\/wp-content\/uploads\/2025\/05\/437A3846-2-683x1024.jpg 683w, https:\/\/cekimdeyiz.com.tr\/wp-content\/uploads\/2025\/05\/437A3846-2-768x1152.jpg 768w, https:\/\/cekimdeyiz.com.tr\/wp-content\/uploads\/2025\/05\/437A3846-2-1024x1536.jpg 1024w, https:\/\/cekimdeyiz.com.tr\/wp-content\/uploads\/2025\/05\/437A3846-2-1365x2048.jpg 1365w\" sizes=\"(max-width: 1707px) 100vw, 1707px\" \/><\/figure>\n\n\n\n<h3 class=\"wp-block-heading\">Adile Sultan Kasr\u0131<\/h3>\n\n\n\n<p>Mekan Giri\u015f \u00dccreti : 10.000 <strong>\u20ba<\/strong><\/p>\n\n\n\n<p>Konum : \u00dcsk\u00fcdar<\/p>\n\n\n\n<div class=\"wp-block-buttons is-content-justification-center is-layout-flex wp-container-core-buttons-is-layout-5b5683f2 wp-block-buttons-is-layout-flex\">\n<div class=\"wp-block-button is-style-fill\"><a class=\"wp-block-button__link wp-element-button\" href=\"https:\/\/cekimdeyiz.com.tr\/index.php\/adile-sultan-kasri\/\">Galeri<\/a><\/div>\n<\/div>\n<\/div>\n<\/div>\n<\/div>\n\n\n\n<div class=\"wp-block-group alignfull has-global-padding is-layout-constrained wp-block-group-is-layout-constrained\" style=\"margin-top:0px;margin-bottom:0px;padding-top:64px;padding-bottom:64px\">\n<div class=\"wp-block-columns alignwide is-layout-flex wp-container-core-columns-is-layout-28f84493 wp-block-columns-is-layout-flex\">\n<div class=\"wp-block-column has-ti-bg-alt-background-color has-background is-layout-flow wp-block-column-is-layout-flow\" style=\"padding-right:var(--wp--preset--spacing--50);padding-bottom:var(--wp--preset--spacing--50);padding-left:var(--wp--preset--spacing--50)\">\n<figure class=\"wp-block-image size-full\"><img loading=\"lazy\" decoding=\"async\" width=\"1707\" height=\"2560\" src=\"https:\/\/cekimdeyiz.com.tr\/wp-content\/uploads\/2024\/08\/25-1-scaled.jpg\" alt=\"\" class=\"wp-image-305\" srcset=\"https:\/\/cekimdeyiz.com.tr\/wp-content\/uploads\/2024\/08\/25-1-scaled.jpg 1707w, https:\/\/cekimdeyiz.com.tr\/wp-content\/uploads\/2024\/08\/25-1-200x300.jpg 200w, https:\/\/cekimdeyiz.com.tr\/wp-content\/uploads\/2024\/08\/25-1-683x1024.jpg 683w, https:\/\/cekimdeyiz.com.tr\/wp-content\/uploads\/2024\/08\/25-1-768x1152.jpg 768w, https:\/\/cekimdeyiz.com.tr\/wp-content\/uploads\/2024\/08\/25-1-1024x1536.jpg 1024w, https:\/\/cekimdeyiz.com.tr\/wp-content\/uploads\/2024\/08\/25-1-1365x2048.jpg 1365w\" sizes=\"(max-width: 1707px) 100vw, 1707px\" \/><\/figure>\n\n\n\n<h3 class=\"wp-block-heading\">Sar\u0131yer K\u00f6\u015fk\u00fc<\/h3>\n\n\n\n<p>Mekan Giri\u015f \u00dccreti : 1.500 <strong>\u20ba<\/strong><\/p>\n\n\n\n<p>Konum : Sar\u0131yer<\/p>\n\n\n\n<div class=\"wp-block-buttons is-content-justification-center is-layout-flex wp-container-core-buttons-is-layout-098cc607 wp-block-buttons-is-layout-flex\">\n<div class=\"wp-block-button is-style-fill\"><a class=\"wp-block-button__link wp-element-button\" href=\"https:\/\/cekimdeyiz.com.tr\/index.php\/sariyer-kosku\/\">Galeri<\/a><\/div>\n<\/div>\n<\/div>\n\n\n\n<div class=\"wp-block-column has-ti-bg-alt-background-color has-background is-layout-flow wp-block-column-is-layout-flow\" style=\"padding-right:var(--wp--preset--spacing--50);padding-bottom:var(--wp--preset--spacing--50);padding-left:var(--wp--preset--spacing--50)\">\n<figure class=\"wp-block-image size-full\"><img loading=\"lazy\" decoding=\"async\" width=\"1701\" height=\"2560\" src=\"https:\/\/cekimdeyiz.com.tr\/wp-content\/uploads\/2025\/04\/437A2852-scaled.jpg\" alt=\"\" class=\"wp-image-532\" srcset=\"https:\/\/cekimdeyiz.com.tr\/wp-content\/uploads\/2025\/04\/437A2852-scaled.jpg 1701w, https:\/\/cekimdeyiz.com.tr\/wp-content\/uploads\/2025\/04\/437A2852-199x300.jpg 199w, https:\/\/cekimdeyiz.com.tr\/wp-content\/uploads\/2025\/04\/437A2852-680x1024.jpg 680w, https:\/\/cekimdeyiz.com.tr\/wp-content\/uploads\/2025\/04\/437A2852-768x1156.jpg 768w, https:\/\/cekimdeyiz.com.tr\/wp-content\/uploads\/2025\/04\/437A2852-1020x1536.jpg 1020w, https:\/\/cekimdeyiz.com.tr\/wp-content\/uploads\/2025\/04\/437A2852-1360x2048.jpg 1360w\" sizes=\"(max-width: 1701px) 100vw, 1701px\" \/><\/figure>\n\n\n\n<h3 class=\"wp-block-heading\">Sar\u0131yer Korusu Plato<\/h3>\n\n\n\n<p>Mekan Giri\u015f \u00dccreti : 1.800 <strong>\u20ba<\/strong><\/p>\n\n\n\n<p>Konum : Sar\u0131yer<\/p>\n\n\n\n<div class=\"wp-block-buttons is-content-justification-center is-layout-flex wp-container-core-buttons-is-layout-5b5683f2 wp-block-buttons-is-layout-flex\">\n<div class=\"wp-block-button is-style-fill\"><a class=\"wp-block-button__link wp-element-button\" href=\"https:\/\/cekimdeyiz.com.tr\/index.php\/sariyer-korusu-platosu\/\">Galeri<\/a><\/div>\n<\/div>\n<\/div>\n\n\n\n<div class=\"wp-block-column has-ti-bg-alt-background-color has-background is-layout-flow wp-block-column-is-layout-flow\" style=\"padding-right:var(--wp--preset--spacing--50);padding-bottom:var(--wp--preset--spacing--50);padding-left:var(--wp--preset--spacing--50)\">\n<figure class=\"wp-block-image size-full\"><img loading=\"lazy\" decoding=\"async\" width=\"1707\" height=\"2560\" src=\"https:\/\/cekimdeyiz.com.tr\/wp-content\/uploads\/2026\/04\/686A8732.JPG-scaled.jpeg\" alt=\"\" class=\"wp-image-958\" srcset=\"https:\/\/cekimdeyiz.com.tr\/wp-content\/uploads\/2026\/04\/686A8732.JPG-scaled.jpeg 1707w, https:\/\/cekimdeyiz.com.tr\/wp-content\/uploads\/2026\/04\/686A8732.JPG-200x300.jpeg 200w, https:\/\/cekimdeyiz.com.tr\/wp-content\/uploads\/2026\/04\/686A8732.JPG-683x1024.jpeg 683w, https:\/\/cekimdeyiz.com.tr\/wp-content\/uploads\/2026\/04\/686A8732.JPG-768x1152.jpeg 768w, https:\/\/cekimdeyiz.com.tr\/wp-content\/uploads\/2026\/04\/686A8732.JPG-1024x1536.jpeg 1024w, https:\/\/cekimdeyiz.com.tr\/wp-content\/uploads\/2026\/04\/686A8732.JPG-1365x2048.jpeg 1365w\" sizes=\"(max-width: 1707px) 100vw, 1707px\" \/><\/figure>\n\n\n\n<h3 class=\"wp-block-heading\">Caml\u0131 K\u00f6\u015fk<\/h3>\n\n\n\n<p>Mekan Giri\u015f \u00dccreti : 10.000 <strong>\u20ba<\/strong><\/p>\n\n\n\n<p>Konum : \u00dcsk\u00fcdar<\/p>\n\n\n\n<div class=\"wp-block-buttons is-content-justification-center is-layout-flex wp-container-core-buttons-is-layout-5b5683f2 wp-block-buttons-is-layout-flex\">\n<div class=\"wp-block-button is-style-fill\"><a class=\"wp-block-button__link wp-element-button\" href=\"https:\/\/cekimdeyiz.com.tr\/index.php\/sariyer-korusu-platosu\/\">Galeri<\/a><\/div>\n<\/div>\n<\/div>\n<\/div>\n<\/div>\n\n\n\n<p><\/p>\n","protected":false},"excerpt":{"rendered":"<p>\u0130stanbul Temal\u0131 Mekan Giri\u015f \u00dccreti : \u00dccretsiz Konum : Karak\u00f6y &#8211; Galata B\u00fcy\u00fck Londra Oteli Mekan Giri\u015f \u00dccreti : 7.000 \u20ba Hafta i\u00e7i (5.500 \u20ba) Konum : Beyo\u011flu Adile Sultan Kasr\u0131 Mekan Giri\u015f \u00dccreti : 10.000 \u20ba Konum : \u00dcsk\u00fcdar Sar\u0131yer K\u00f6\u015fk\u00fc Mekan Giri\u015f \u00dccreti : 1.500 \u20ba Konum : Sar\u0131yer Sar\u0131yer Korusu Plato Mekan [&hellip;]<\/p>\n","protected":false},"author":1,"featured_media":0,"parent":0,"menu_order":0,"comment_status":"closed","ping_status":"closed","template":"","meta":{"_themeisle_gutenberg_block_has_review":false,"footnotes":""},"class_list":["post-531","page","type-page","status-publish","hentry"],"yoast_head":"<!-- This site is optimized with the Yoast SEO plugin v27.3 - https:\/\/yoast.com\/product\/yoast-seo-wordpress\/ -->\n<title>Mekanlar - &Ccedil;ekimdeyiz<\/title>\n<meta name=\"description\" content=\"\u0130stanbul Temal\u0131, B\u00fcy\u00fck Londra Oteli, Adile Sultan Kasr\u0131, gibi \u00e7ok harika mekanlarda D\u00fc\u011f\u00fcn d\u0131\u015f \u00e7ekiminiz muhte\u015fem hale gelmesi i\u00e7in sizleyiz.\" \/>\n<meta name=\"robots\" content=\"index, follow, max-snippet:-1, max-image-preview:large, max-video-preview:-1\" \/>\n<link rel=\"canonical\" href=\"https:\/\/cekimdeyiz.com.tr\/index.php\/531-2\/\" \/>\n<meta property=\"og:locale\" content=\"tr_TR\" \/>\n<meta property=\"og:type\" content=\"article\" \/>\n<meta property=\"og:title\" content=\"Mekanlar - &Ccedil;ekimdeyiz\" \/>\n<meta property=\"og:description\" content=\"\u0130stanbul Temal\u0131, B\u00fcy\u00fck Londra Oteli, Adile Sultan Kasr\u0131, gibi \u00e7ok harika mekanlarda D\u00fc\u011f\u00fcn d\u0131\u015f \u00e7ekiminiz muhte\u015fem hale gelmesi i\u00e7in sizleyiz.\" \/>\n<meta property=\"og:url\" content=\"https:\/\/cekimdeyiz.com.tr\/index.php\/531-2\/\" \/>\n<meta property=\"og:site_name\" content=\"&Ccedil;ekimdeyiz\" \/>\n<meta property=\"article:modified_time\" content=\"2026-04-02T11:11:21+00:00\" \/>\n<meta property=\"og:image\" content=\"https:\/\/cekimdeyiz.com.tr\/wp-content\/uploads\/2025\/05\/6W0A0108-2-1-scaled.jpg\" \/>\n\t<meta property=\"og:image:width\" content=\"1707\" \/>\n\t<meta property=\"og:image:height\" content=\"2560\" \/>\n\t<meta property=\"og:image:type\" content=\"image\/jpeg\" \/>\n<meta name=\"twitter:card\" content=\"summary_large_image\" \/>\n<meta name=\"twitter:label1\" content=\"Tahmini okuma s\u00fcresi\" \/>\n\t<meta name=\"twitter:data1\" content=\"2 dakika\" \/>\n<script type=\"application\/ld+json\" class=\"yoast-schema-graph\">{\"@context\":\"https:\\\/\\\/schema.org\",\"@graph\":[{\"@type\":\"WebPage\",\"@id\":\"https:\\\/\\\/cekimdeyiz.com.tr\\\/index.php\\\/531-2\\\/\",\"url\":\"https:\\\/\\\/cekimdeyiz.com.tr\\\/index.php\\\/531-2\\\/\",\"name\":\"Mekanlar - &Ccedil;ekimdeyiz\",\"isPartOf\":{\"@id\":\"https:\\\/\\\/cekimdeyiz.com.tr\\\/#website\"},\"primaryImageOfPage\":{\"@id\":\"https:\\\/\\\/cekimdeyiz.com.tr\\\/index.php\\\/531-2\\\/#primaryimage\"},\"image\":{\"@id\":\"https:\\\/\\\/cekimdeyiz.com.tr\\\/index.php\\\/531-2\\\/#primaryimage\"},\"thumbnailUrl\":\"https:\\\/\\\/cekimdeyiz.com.tr\\\/wp-content\\\/uploads\\\/2025\\\/05\\\/6W0A0108-2-1-scaled.jpg\",\"datePublished\":\"2025-04-14T15:27:11+00:00\",\"dateModified\":\"2026-04-02T11:11:21+00:00\",\"description\":\"\u0130stanbul Temal\u0131, B\u00fcy\u00fck Londra Oteli, Adile Sultan Kasr\u0131, gibi \u00e7ok harika mekanlarda D\u00fc\u011f\u00fcn d\u0131\u015f \u00e7ekiminiz muhte\u015fem hale gelmesi i\u00e7in sizleyiz.\",\"breadcrumb\":{\"@id\":\"https:\\\/\\\/cekimdeyiz.com.tr\\\/index.php\\\/531-2\\\/#breadcrumb\"},\"inLanguage\":\"tr\",\"potentialAction\":[{\"@type\":\"ReadAction\",\"target\":[\"https:\\\/\\\/cekimdeyiz.com.tr\\\/index.php\\\/531-2\\\/\"]}]},{\"@type\":\"ImageObject\",\"inLanguage\":\"tr\",\"@id\":\"https:\\\/\\\/cekimdeyiz.com.tr\\\/index.php\\\/531-2\\\/#primaryimage\",\"url\":\"https:\\\/\\\/cekimdeyiz.com.tr\\\/wp-content\\\/uploads\\\/2025\\\/05\\\/6W0A0108-2-1-scaled.jpg\",\"contentUrl\":\"https:\\\/\\\/cekimdeyiz.com.tr\\\/wp-content\\\/uploads\\\/2025\\\/05\\\/6W0A0108-2-1-scaled.jpg\",\"width\":1707,\"height\":2560},{\"@type\":\"BreadcrumbList\",\"@id\":\"https:\\\/\\\/cekimdeyiz.com.tr\\\/index.php\\\/531-2\\\/#breadcrumb\",\"itemListElement\":[{\"@type\":\"ListItem\",\"position\":1,\"name\":\"Anasayfa\",\"item\":\"https:\\\/\\\/cekimdeyiz.com.tr\\\/\"},{\"@type\":\"ListItem\",\"position\":2,\"name\":\"Mekanlar\"}]},{\"@type\":\"WebSite\",\"@id\":\"https:\\\/\\\/cekimdeyiz.com.tr\\\/#website\",\"url\":\"https:\\\/\\\/cekimdeyiz.com.tr\\\/\",\"name\":\"\u00c7ekimdeyiz D\u00fc\u011f\u00fcn Foto\u011fraf\u00e7\u0131s\u0131\",\"description\":\"D&uuml;\u011f&uuml;n Foto\u011fraf&ccedil;\u0131s\u0131\",\"publisher\":{\"@id\":\"https:\\\/\\\/cekimdeyiz.com.tr\\\/#organization\"},\"potentialAction\":[{\"@type\":\"SearchAction\",\"target\":{\"@type\":\"EntryPoint\",\"urlTemplate\":\"https:\\\/\\\/cekimdeyiz.com.tr\\\/?s={search_term_string}\"},\"query-input\":{\"@type\":\"PropertyValueSpecification\",\"valueRequired\":true,\"valueName\":\"search_term_string\"}}],\"inLanguage\":\"tr\"},{\"@type\":\"Organization\",\"@id\":\"https:\\\/\\\/cekimdeyiz.com.tr\\\/#organization\",\"name\":\"\u00c7ekimdeyiz\",\"url\":\"https:\\\/\\\/cekimdeyiz.com.tr\\\/\",\"logo\":{\"@type\":\"ImageObject\",\"inLanguage\":\"tr\",\"@id\":\"https:\\\/\\\/cekimdeyiz.com.tr\\\/#\\\/schema\\\/logo\\\/image\\\/\",\"url\":\"https:\\\/\\\/cekimdeyiz.com.tr\\\/wp-content\\\/uploads\\\/2024\\\/10\\\/cekimdeyiz-logo-1.jpg\",\"contentUrl\":\"https:\\\/\\\/cekimdeyiz.com.tr\\\/wp-content\\\/uploads\\\/2024\\\/10\\\/cekimdeyiz-logo-1.jpg\",\"width\":591,\"height\":709,\"caption\":\"\u00c7ekimdeyiz\"},\"image\":{\"@id\":\"https:\\\/\\\/cekimdeyiz.com.tr\\\/#\\\/schema\\\/logo\\\/image\\\/\"},\"sameAs\":[\"https:\\\/\\\/www.instagram.com\\\/cekimdeyiztr\\\/\"]}]}<\/script>\n<!-- \/ Yoast SEO plugin. -->","yoast_head_json":{"title":"Mekanlar - &Ccedil;ekimdeyiz","description":"\u0130stanbul Temal\u0131, B\u00fcy\u00fck Londra Oteli, Adile Sultan Kasr\u0131, gibi \u00e7ok harika mekanlarda D\u00fc\u011f\u00fcn d\u0131\u015f \u00e7ekiminiz muhte\u015fem hale gelmesi i\u00e7in sizleyiz.","robots":{"index":"index","follow":"follow","max-snippet":"max-snippet:-1","max-image-preview":"max-image-preview:large","max-video-preview":"max-video-preview:-1"},"canonical":"https:\/\/cekimdeyiz.com.tr\/index.php\/531-2\/","og_locale":"tr_TR","og_type":"article","og_title":"Mekanlar - &Ccedil;ekimdeyiz","og_description":"\u0130stanbul Temal\u0131, B\u00fcy\u00fck Londra Oteli, Adile Sultan Kasr\u0131, gibi \u00e7ok harika mekanlarda D\u00fc\u011f\u00fcn d\u0131\u015f \u00e7ekiminiz muhte\u015fem hale gelmesi i\u00e7in sizleyiz.","og_url":"https:\/\/cekimdeyiz.com.tr\/index.php\/531-2\/","og_site_name":"&Ccedil;ekimdeyiz","article_modified_time":"2026-04-02T11:11:21+00:00","og_image":[{"width":1707,"height":2560,"url":"https:\/\/cekimdeyiz.com.tr\/wp-content\/uploads\/2025\/05\/6W0A0108-2-1-scaled.jpg","type":"image\/jpeg"}],"twitter_card":"summary_large_image","twitter_misc":{"Tahmini okuma s\u00fcresi":"2 dakika"},"schema":{"@context":"https:\/\/schema.org","@graph":[{"@type":"WebPage","@id":"https:\/\/cekimdeyiz.com.tr\/index.php\/531-2\/","url":"https:\/\/cekimdeyiz.com.tr\/index.php\/531-2\/","name":"Mekanlar - &Ccedil;ekimdeyiz","isPartOf":{"@id":"https:\/\/cekimdeyiz.com.tr\/#website"},"primaryImageOfPage":{"@id":"https:\/\/cekimdeyiz.com.tr\/index.php\/531-2\/#primaryimage"},"image":{"@id":"https:\/\/cekimdeyiz.com.tr\/index.php\/531-2\/#primaryimage"},"thumbnailUrl":"https:\/\/cekimdeyiz.com.tr\/wp-content\/uploads\/2025\/05\/6W0A0108-2-1-scaled.jpg","datePublished":"2025-04-14T15:27:11+00:00","dateModified":"2026-04-02T11:11:21+00:00","description":"\u0130stanbul Temal\u0131, B\u00fcy\u00fck Londra Oteli, Adile Sultan Kasr\u0131, gibi \u00e7ok harika mekanlarda D\u00fc\u011f\u00fcn d\u0131\u015f \u00e7ekiminiz muhte\u015fem hale gelmesi i\u00e7in sizleyiz.","breadcrumb":{"@id":"https:\/\/cekimdeyiz.com.tr\/index.php\/531-2\/#breadcrumb"},"inLanguage":"tr","potentialAction":[{"@type":"ReadAction","target":["https:\/\/cekimdeyiz.com.tr\/index.php\/531-2\/"]}]},{"@type":"ImageObject","inLanguage":"tr","@id":"https:\/\/cekimdeyiz.com.tr\/index.php\/531-2\/#primaryimage","url":"https:\/\/cekimdeyiz.com.tr\/wp-content\/uploads\/2025\/05\/6W0A0108-2-1-scaled.jpg","contentUrl":"https:\/\/cekimdeyiz.com.tr\/wp-content\/uploads\/2025\/05\/6W0A0108-2-1-scaled.jpg","width":1707,"height":2560},{"@type":"BreadcrumbList","@id":"https:\/\/cekimdeyiz.com.tr\/index.php\/531-2\/#breadcrumb","itemListElement":[{"@type":"ListItem","position":1,"name":"Anasayfa","item":"https:\/\/cekimdeyiz.com.tr\/"},{"@type":"ListItem","position":2,"name":"Mekanlar"}]},{"@type":"WebSite","@id":"https:\/\/cekimdeyiz.com.tr\/#website","url":"https:\/\/cekimdeyiz.com.tr\/","name":"\u00c7ekimdeyiz D\u00fc\u011f\u00fcn Foto\u011fraf\u00e7\u0131s\u0131","description":"D&uuml;\u011f&uuml;n Foto\u011fraf&ccedil;\u0131s\u0131","publisher":{"@id":"https:\/\/cekimdeyiz.com.tr\/#organization"},"potentialAction":[{"@type":"SearchAction","target":{"@type":"EntryPoint","urlTemplate":"https:\/\/cekimdeyiz.com.tr\/?s={search_term_string}"},"query-input":{"@type":"PropertyValueSpecification","valueRequired":true,"valueName":"search_term_string"}}],"inLanguage":"tr"},{"@type":"Organization","@id":"https:\/\/cekimdeyiz.com.tr\/#organization","name":"\u00c7ekimdeyiz","url":"https:\/\/cekimdeyiz.com.tr\/","logo":{"@type":"ImageObject","inLanguage":"tr","@id":"https:\/\/cekimdeyiz.com.tr\/#\/schema\/logo\/image\/","url":"https:\/\/cekimdeyiz.com.tr\/wp-content\/uploads\/2024\/10\/cekimdeyiz-logo-1.jpg","contentUrl":"https:\/\/cekimdeyiz.com.tr\/wp-content\/uploads\/2024\/10\/cekimdeyiz-logo-1.jpg","width":591,"height":709,"caption":"\u00c7ekimdeyiz"},"image":{"@id":"https:\/\/cekimdeyiz.com.tr\/#\/schema\/logo\/image\/"},"sameAs":["https:\/\/www.instagram.com\/cekimdeyiztr\/"]}]}},"_links":{"self":[{"href":"https:\/\/cekimdeyiz.com.tr\/index.php\/wp-json\/wp\/v2\/pages\/531","targetHints":{"allow":["GET"]}}],"collection":[{"href":"https:\/\/cekimdeyiz.com.tr\/index.php\/wp-json\/wp\/v2\/pages"}],"about":[{"href":"https:\/\/cekimdeyiz.com.tr\/index.php\/wp-json\/wp\/v2\/types\/page"}],"author":[{"embeddable":true,"href":"https:\/\/cekimdeyiz.com.tr\/index.php\/wp-json\/wp\/v2\/users\/1"}],"replies":[{"embeddable":true,"href":"https:\/\/cekimdeyiz.com.tr\/index.php\/wp-json\/wp\/v2\/comments?post=531"}],"version-history":[{"count":25,"href":"https:\/\/cekimdeyiz.com.tr\/index.php\/wp-json\/wp\/v2\/pages\/531\/revisions"}],"predecessor-version":[{"id":959,"href":"https:\/\/cekimdeyiz.com.tr\/index.php\/wp-json\/wp\/v2\/pages\/531\/revisions\/959"}],"wp:attachment":[{"href":"https:\/\/cekimdeyiz.com.tr\/index.php\/wp-json\/wp\/v2\/media?parent=531"}],"curies":[{"name":"wp","href":"https:\/\/api.w.org\/{rel}","templated":true}]}}